{"id":176,"date":"2024-08-28T16:07:17","date_gmt":"2024-08-28T19:07:17","guid":{"rendered":"https:\/\/site.camarapassasete.rs.gov.br\/site\/?page_id=176"},"modified":"2024-08-28T16:24:41","modified_gmt":"2024-08-28T19:24:41","slug":"otavio-loch","status":"publish","type":"page","link":"https:\/\/site.camarapassasete.rs.gov.br\/site\/otavio-loch\/","title":{"rendered":"Ot\u00e1vio Loch"},"content":{"rendered":"\t\t<div data-elementor-type=\"wp-page\" data-elementor-id=\"176\" class=\"elementor elementor-176\" data-elementor-post-type=\"page\">\n\t\t\t\t<div class=\"elementor-element elementor-element-7f58319 e-grid e-con-boxed e-con e-parent\" data-id=\"7f58319\" data-element_type=\"container\">\n\t\t\t\t\t<div class=\"e-con-inner\">\n\t\t\t\t<div class=\"elementor-element elementor-element-744bec4 elementor-widget elementor-widget-image\" data-id=\"744bec4\" data-element_type=\"widget\" data-widget_type=\"image.default\">\n\t\t\t\t<div class=\"elementor-widget-container\">\n\t\t\t\t\t\t\t\t\t\t\t\t\t<img fetchpriority=\"high\" decoding=\"async\" width=\"223\" height=\"312\" src=\"https:\/\/site.camarapassasete.rs.gov.br\/site\/wp-content\/uploads\/2024\/08\/otavio.jpg\" class=\"attachment-large size-large wp-image-178\" alt=\"\" srcset=\"https:\/\/site.camarapassasete.rs.gov.br\/site\/wp-content\/uploads\/2024\/08\/otavio.jpg 223w, https:\/\/site.camarapassasete.rs.gov.br\/site\/wp-content\/uploads\/2024\/08\/otavio-214x300.jpg 214w\" sizes=\"(max-width: 223px) 100vw, 223px\" \/>\t\t\t\t\t\t\t\t\t\t\t\t\t<\/div>\n\t\t\t\t<\/div>\n\t\t\t\t<div class=\"elementor-element elementor-element-42b6f94 elementor-widget elementor-widget-text-editor\" data-id=\"42b6f94\" data-element_type=\"widget\" data-widget_type=\"text-editor.default\">\n\t\t\t\t<div class=\"elementor-widget-container\">\n\t\t\t<style>\/*! elementor - v3.23.0 - 05-08-2024 *\/\n.elementor-widget-text-editor.elementor-drop-cap-view-stacked .elementor-drop-cap{background-color:#69727d;color:#fff}.elementor-widget-text-editor.elementor-drop-cap-view-framed .elementor-drop-cap{color:#69727d;border:3px solid;background-color:transparent}.elementor-widget-text-editor:not(.elementor-drop-cap-view-default) .elementor-drop-cap{margin-top:8px}.elementor-widget-text-editor:not(.elementor-drop-cap-view-default) .elementor-drop-cap-letter{width:1em;height:1em}.elementor-widget-text-editor .elementor-drop-cap{float:left;text-align:center;line-height:1;font-size:50px}.elementor-widget-text-editor .elementor-drop-cap-letter{display:inline-block}<\/style>\t\t\t\t<p><strong>OT\u00c1VIO LOCH<\/strong><\/p><p><strong>Partido:<\/strong><br \/>PP<\/p><p><strong>Data de nascimento:<\/strong><br \/>25\/11\/1992<\/p><p><strong>Identidade:<\/strong><br \/>6113636242 SSP\/RS<\/p><p><strong>CPF:<\/strong><br \/>023.466.170-40<\/p><p><strong>Telefone:<\/strong><br \/>51 99988-7687<\/p><p><strong>Endere\u00e7o:<\/strong><br \/>Murta &#8211; Passa Sete &#8211; RS<\/p><p><strong>E-mail:<\/strong><\/p>\t\t\t\t\t\t<\/div>\n\t\t\t\t<\/div>\n\t\t\t\t<div class=\"elementor-element elementor-element-6985028 elementor-widget elementor-widget-text-editor\" data-id=\"6985028\" data-element_type=\"widget\" data-widget_type=\"text-editor.default\">\n\t\t\t\t<div class=\"elementor-widget-container\">\n\t\t\t\t\t\t\t<p><strong>PERFIL:\u00a0<\/strong><\/p><p><strong>BIOGRAFIA(*)<\/strong><\/p><p>OT\u00c1VIO LOCH nasceu em 25\/11\/1992, em Sobradinho, filho de Gelso Loch E Zaira de F\u00e1tima Moreira Loch. Agricultor de profiss\u00e3o. Possui por escolaridade o ensino superior completo, sendo graduado em Ci\u00eancias Cont\u00e1beis. Solteiro, desde muito jovem trabalhou na agricultura, auxiliando na propriedade dos pais e no com\u00e9rcio da fam\u00edlia; no ano de 2012 residiu na cidade de S\u00e3o Leopoldo, onde trabalhava em uma metal\u00fargica durante o dia e a fazia cursos de Torneiro mec\u00e2nico na Escola T\u00e9cnica Senai; no ano de 2014 retornou para a propriedade localizada em Murta, onde passou a cultivar tabaco; no mesmo ano come\u00e7ou a cursar Ci\u00eancias Cont\u00e1beis na UNISC; em 2015, come\u00e7ou a trabalhar com vendas no ramo agr\u00edcola e no cultivo do soja; em 2017 recebeu o convite para trabalhar na Prefeitura Municipal de Passa Sete, no setor de contabilidade, l\u00e1 permanecendo at\u00e9 2020, tendo sa\u00eddo para concorrer a uma cadeira no Legislativo do Munic\u00edpio. Ap\u00f3s 2020, seguiu na agricultura, at\u00e9 os dias de hoje. Ingressou no Partido Progressista no ano de 2017, concorreu pela primeira vez no ano de 2020, com 27 anos de idade, tendo sido eleito com 177 votos. Em 2021 foi eleito Presidente Municipal do Partido Progressista, e reeleito a Presidente no ano de 2023. Membro sempre muito ativo na comunidade de Murta, onde nasceu e permanece at\u00e9 hoje, interagindo nas diversas atividades que eram propostas pela comunidade, e tamb\u00e9m ativo nas atividades propostas pelo Munic\u00edpio, em jogos municipais, eventos e programas sociais. Possui como lema &#8221; Trabalho com humildade e responsabilidade\u201d.<\/p><p>(*) este texto foi redigido sob responsabilidade do Vereador biografado<\/p>\t\t\t\t\t\t<\/div>\n\t\t\t\t<\/div>\n\t\t\t\t\t<\/div>\n\t\t\t\t<\/div>\n\t\t\t\t<\/div>\n\t\t","protected":false},"excerpt":{"rendered":"<p>OT\u00c1VIO LOCH Partido:PP Data de nascimento:25\/11\/1992 Identidade:6113636242 SSP\/RS CPF:023.466.170-40 Telefone:51 99988-7687 Endere\u00e7o:Murta &#8211; Passa Sete &#8211; RS E-mail: PERFIL:\u00a0 BIOGRAFIA(*) [&hellip;]<\/p>\n","protected":false},"author":2,"featured_media":0,"parent":0,"menu_order":0,"comment_status":"closed","ping_status":"closed","template":"","meta":{"site-sidebar-layout":"no-sidebar","site-content-layout":"","ast-site-content-layout":"full-width-container","site-content-style":"default","site-sidebar-style":"default","ast-global-header-display":"","ast-banner-title-visibility":"","ast-main-header-display":"","ast-hfb-above-header-display":"","ast-hfb-below-header-display":"","ast-hfb-mobile-header-display":"","site-post-title":"disabled","ast-breadcrumbs-content":"","ast-featured-img":"disabled","footer-sml-layout":"","theme-transparent-header-meta":"","adv-header-id-meta":"","stick-header-meta":"","header-above-stick-meta":"","header-main-stick-meta":"","header-below-stick-meta":"","astra-migrate-meta-layouts":"default","ast-page-background-enabled":"default","ast-page-background-meta":{"desktop":{"background-color":"var(--ast-global-color-4)","background-image":"","background-repeat":"repeat","background-position":"center center","background-size":"auto","background-attachment":"scroll","background-type":"","background-media":"","overlay-type":"","overlay-color":"","overlay-opacity":"","overlay-gradient":""},"tablet":{"background-color":"","background-image":"","background-repeat":"repeat","background-position":"center center","background-size":"auto","background-attachment":"scroll","background-type":"","background-media":"","overlay-type":"","overlay-color":"","overlay-opacity":"","overlay-gradient":""},"mobile":{"background-color":"","background-image":"","background-repeat":"repeat","background-position":"center center","background-size":"auto","background-attachment":"scroll","background-type":"","background-media":"","overlay-type":"","overlay-color":"","overlay-opacity":"","overlay-gradient":""}},"ast-content-background-meta":{"desktop":{"background-color":"var(--ast-global-color-5)","background-image":"","background-repeat":"repeat","background-position":"center center","background-size":"auto","background-attachment":"scroll","background-type":"","background-media":"","overlay-type":"","overlay-color":"","overlay-opacity":"","overlay-gradient":""},"tablet":{"background-color":"var(--ast-global-color-5)","background-image":"","background-repeat":"repeat","background-position":"center center","background-size":"auto","background-attachment":"scroll","background-type":"","background-media":"","overlay-type":"","overlay-color":"","overlay-opacity":"","overlay-gradient":""},"mobile":{"background-color":"var(--ast-global-color-5)","background-image":"","background-repeat":"repeat","background-position":"center center","background-size":"auto","background-attachment":"scroll","background-type":"","background-media":"","overlay-type":"","overlay-color":"","overlay-opacity":"","overlay-gradient":""}},"footnotes":""},"class_list":["post-176","page","type-page","status-publish","hentry"],"_links":{"self":[{"href":"https:\/\/site.camarapassasete.rs.gov.br\/site\/wp-json\/wp\/v2\/pages\/176","targetHints":{"allow":["GET"]}}],"collection":[{"href":"https:\/\/site.camarapassasete.rs.gov.br\/site\/wp-json\/wp\/v2\/pages"}],"about":[{"href":"https:\/\/site.camarapassasete.rs.gov.br\/site\/wp-json\/wp\/v2\/types\/page"}],"author":[{"embeddable":true,"href":"https:\/\/site.camarapassasete.rs.gov.br\/site\/wp-json\/wp\/v2\/users\/2"}],"replies":[{"embeddable":true,"href":"https:\/\/site.camarapassasete.rs.gov.br\/site\/wp-json\/wp\/v2\/comments?post=176"}],"version-history":[{"count":7,"href":"https:\/\/site.camarapassasete.rs.gov.br\/site\/wp-json\/wp\/v2\/pages\/176\/revisions"}],"predecessor-version":[{"id":214,"href":"https:\/\/site.camarapassasete.rs.gov.br\/site\/wp-json\/wp\/v2\/pages\/176\/revisions\/214"}],"wp:attachment":[{"href":"https:\/\/site.camarapassasete.rs.gov.br\/site\/wp-json\/wp\/v2\/media?parent=176"}],"curies":[{"name":"wp","href":"https:\/\/api.w.org\/{rel}","templated":true}]}}