{"id":7145,"date":"2025-06-03T08:17:04","date_gmt":"2025-06-03T11:17:04","guid":{"rendered":"https:\/\/site.camarapassasete.rs.gov.br\/site\/?page_id=7145"},"modified":"2025-06-03T08:18:37","modified_gmt":"2025-06-03T11:18:37","slug":"7145-2","status":"publish","type":"page","link":"https:\/\/site.camarapassasete.rs.gov.br\/site\/7145-2\/","title":{"rendered":"O que \u00e9"},"content":{"rendered":"\t\t<div data-elementor-type=\"wp-page\" data-elementor-id=\"7145\" class=\"elementor elementor-7145\" data-elementor-post-type=\"page\">\n\t\t\t\t<div class=\"elementor-element elementor-element-151606ff e-flex e-con-boxed e-con e-parent\" data-id=\"151606ff\" data-element_type=\"container\">\n\t\t\t\t\t<div class=\"e-con-inner\">\n\t\t\t\t<div class=\"elementor-element elementor-element-2fd15f9e elementor-widget elementor-widget-text-editor\" data-id=\"2fd15f9e\" data-element_type=\"widget\" data-widget_type=\"text-editor.default\">\n\t\t\t\t<div class=\"elementor-widget-container\">\n\t\t\t<style>\/*! elementor - v3.23.0 - 05-08-2024 *\/\n.elementor-widget-text-editor.elementor-drop-cap-view-stacked .elementor-drop-cap{background-color:#69727d;color:#fff}.elementor-widget-text-editor.elementor-drop-cap-view-framed .elementor-drop-cap{color:#69727d;border:3px solid;background-color:transparent}.elementor-widget-text-editor:not(.elementor-drop-cap-view-default) .elementor-drop-cap{margin-top:8px}.elementor-widget-text-editor:not(.elementor-drop-cap-view-default) .elementor-drop-cap-letter{width:1em;height:1em}.elementor-widget-text-editor .elementor-drop-cap{float:left;text-align:center;line-height:1;font-size:50px}.elementor-widget-text-editor .elementor-drop-cap-letter{display:inline-block}<\/style>\t\t\t\t<!-- wp:paragraph -->\n<p>O que \u00e9?<\/p>\n<!-- \/wp:paragraph -->\t\t\t\t\t\t<\/div>\n\t\t\t\t<\/div>\n\t\t\t\t\t<\/div>\n\t\t\t\t<\/div>\n\t\t<div class=\"elementor-element elementor-element-cf6f233 e-flex e-con-boxed e-con e-parent\" data-id=\"cf6f233\" data-element_type=\"container\">\n\t\t\t\t\t<div class=\"e-con-inner\">\n\t\t\t\t<div class=\"elementor-element elementor-element-86b0d80 elementor-widget elementor-widget-text-editor\" data-id=\"86b0d80\" data-element_type=\"widget\" data-widget_type=\"text-editor.default\">\n\t\t\t\t<div class=\"elementor-widget-container\">\n\t\t\t\t\t\t\t<p>A ouvidoria legislativa \u00e9 um dos canais de comunica\u00e7\u00e3o entre o cidad\u00e3o e a C\u00e2mara Municipal de Vereadores de Passa Sete. Sua miss\u00e3o \u00e9 compartilhar informa\u00e7\u00f5es do Poder Legislativo, em respeito ao Interesse P\u00fablico, ao Princ\u00edpio da Publicidade e \u00e0 Lei de Acesso \u00e0 Informa\u00e7\u00e3o.<br \/>Atrav\u00e9s da ouvidoria, o cidad\u00e3o poder\u00e1 encaminhar den\u00fancias, reclama\u00e7\u00f5es, informa\u00e7\u00f5es, elogios e sugest\u00f5es, o que pode ser feito das seguintes formas:<br \/>* E-mail: ouvidoria@camarapassasete.rs.gov.br<br \/>* Formul\u00e1rios:<br \/>&#8211; &lt;Den\u00fancias, Reclama\u00e7\u00f5es, Elogios ou Sugest\u00f5es&gt;<br \/>&#8211; &lt;Servi\u00e7o de Informa\u00e7\u00e3o ao Cidad\u00e3o \u2013 SIC&gt;<br \/>&#8211; &lt;Acompanhamento de Solicita\u00e7\u00e3o&gt;<br \/>* Telefone: (51) 3616 6160 ou (51) 999681966<br \/>* Pelo correio ou pessoalmente: na Secretaria da C\u00e2mara Municipal, \u00e0 Avenida Pinheiro, 1500, Passa Sete-RS.<br \/>Hor\u00e1rios de atendimento da Secretaria:<br \/>Segunda a Quinta-feira: Manh\u00e3: 07:30 \u00e0s 11:30; Tarde: 13h \u00e0s 17h<br \/>Sexta-feira: Manh\u00e3: 7:30 \u00e0s 11:30h<br \/>Considerando que a miss\u00e3o da ouvidoria \u00e9 a troca de informa\u00e7\u00f5es e o melhor acesso do cidad\u00e3o ao Poder Legislativo, sendo um servi\u00e7o de interesse p\u00fablico destinado a colaborar com a transpar\u00eancia das a\u00e7\u00f5es, a cidadania e a democracia, todas as manifesta\u00e7\u00f5es recebidas correr\u00e3o mediante sigilo.<br \/>O prazo m\u00e1ximo de respostas \u00e9 de 20 dias, podendo ser prorrogado por mais 10 dias conforme necess\u00e1rio.<br \/>A ouvidoria vem regulamentada pela Resolu\u00e7\u00e3o n\u00ba 001\/2019.<\/p>\t\t\t\t\t\t<\/div>\n\t\t\t\t<\/div>\n\t\t\t\t\t<\/div>\n\t\t\t\t<\/div>\n\t\t\t\t<\/div>\n\t\t","protected":false},"excerpt":{"rendered":"<p>O que \u00e9? A ouvidoria legislativa \u00e9 um dos canais de comunica\u00e7\u00e3o entre o cidad\u00e3o e a C\u00e2mara Municipal de [&hellip;]<\/p>\n","protected":false},"author":2,"featured_media":0,"parent":0,"menu_order":0,"comment_status":"closed","ping_status":"closed","template":"","meta":{"site-sidebar-layout":"default","site-content-layout":"","ast-site-content-layout":"","site-content-style":"default","site-sidebar-style":"default","ast-global-header-display":"","ast-banner-title-visibility":"","ast-main-header-display":"","ast-hfb-above-header-display":"","ast-hfb-below-header-display":"","ast-hfb-mobile-header-display":"","site-post-title":"","ast-breadcrumbs-content":"","ast-featured-img":"","footer-sml-layout":"","theme-transparent-header-meta":"","adv-header-id-meta":"","stick-header-meta":"","header-above-stick-meta":"","header-main-stick-meta":"","header-below-stick-meta":"","astra-migrate-meta-layouts":"default","ast-page-background-enabled":"default","ast-page-background-meta":{"desktop":{"background-color":"var(--ast-global-color-4)","background-image":"","background-repeat":"repeat","background-position":"center center","background-size":"auto","background-attachment":"scroll","background-type":"","background-media":"","overlay-type":"","overlay-color":"","overlay-opacity":"","overlay-gradient":""},"tablet":{"background-color":"","background-image":"","background-repeat":"repeat","background-position":"center center","background-size":"auto","background-attachment":"scroll","background-type":"","background-media":"","overlay-type":"","overlay-color":"","overlay-opacity":"","overlay-gradient":""},"mobile":{"background-color":"","background-image":"","background-repeat":"repeat","background-position":"center center","background-size":"auto","background-attachment":"scroll","background-type":"","background-media":"","overlay-type":"","overlay-color":"","overlay-opacity":"","overlay-gradient":""}},"ast-content-background-meta":{"desktop":{"background-color":"var(--ast-global-color-5)","background-image":"","background-repeat":"repeat","background-position":"center center","background-size":"auto","background-attachment":"scroll","background-type":"","background-media":"","overlay-type":"","overlay-color":"","overlay-opacity":"","overlay-gradient":""},"tablet":{"background-color":"var(--ast-global-color-5)","background-image":"","background-repeat":"repeat","background-position":"center center","background-size":"auto","background-attachment":"scroll","background-type":"","background-media":"","overlay-type":"","overlay-color":"","overlay-opacity":"","overlay-gradient":""},"mobile":{"background-color":"var(--ast-global-color-5)","background-image":"","background-repeat":"repeat","background-position":"center center","background-size":"auto","background-attachment":"scroll","background-type":"","background-media":"","overlay-type":"","overlay-color":"","overlay-opacity":"","overlay-gradient":""}},"footnotes":""},"class_list":["post-7145","page","type-page","status-publish","hentry"],"_links":{"self":[{"href":"https:\/\/site.camarapassasete.rs.gov.br\/site\/wp-json\/wp\/v2\/pages\/7145","targetHints":{"allow":["GET"]}}],"collection":[{"href":"https:\/\/site.camarapassasete.rs.gov.br\/site\/wp-json\/wp\/v2\/pages"}],"about":[{"href":"https:\/\/site.camarapassasete.rs.gov.br\/site\/wp-json\/wp\/v2\/types\/page"}],"author":[{"embeddable":true,"href":"https:\/\/site.camarapassasete.rs.gov.br\/site\/wp-json\/wp\/v2\/users\/2"}],"replies":[{"embeddable":true,"href":"https:\/\/site.camarapassasete.rs.gov.br\/site\/wp-json\/wp\/v2\/comments?post=7145"}],"version-history":[{"count":5,"href":"https:\/\/site.camarapassasete.rs.gov.br\/site\/wp-json\/wp\/v2\/pages\/7145\/revisions"}],"predecessor-version":[{"id":7150,"href":"https:\/\/site.camarapassasete.rs.gov.br\/site\/wp-json\/wp\/v2\/pages\/7145\/revisions\/7150"}],"wp:attachment":[{"href":"https:\/\/site.camarapassasete.rs.gov.br\/site\/wp-json\/wp\/v2\/media?parent=7145"}],"curies":[{"name":"wp","href":"https:\/\/api.w.org\/{rel}","templated":true}]}}